) = -144*f**3 - 2*f**2 - f - 1. Calculate the remainder when k(-1) is divided by -10 + 8 + (8/((-40)/25) - -18).
10
Let f(y) = y**2 + 3*y + 186. Let r be f(0). Suppose -3*q = 2*u + q - r, 285 = 3*u + 3*q. Calculate the remainder when u is divided by 50.
47
Let a(h) = 112*h**2 - 9*h + 25 + 105*h**2 - 214*h**2. Calculate the remainder when 145 is divided by a(4).
34
Suppose 0*z + 20*z = 64*z - 3256. What is the remainder when 961 is divided by z?
73
Suppose 3*p - 55 = 5*g + 15, -5*p = -g - 14. What is the remainder when 395 is divided by (g/35)/(-2 - 356/(-180))?
17
Let o = -4650 + 4677. Let h(b) = 14*b + 18. Calculate the remainder when h(6) is divided by o.
21
Let c = -11 - -15. Suppose b = s - 43, c*s + b - 65 = 107. Let q = -30 + 41. Calculate the remainder when s is divided by q.
10
Suppose 5*n = 4*w - 120, 3*w = -n + 21 + 69. Suppose -2*a = -a - 2*p - 17, 2*a = 3*p + w. Suppose a = t - 6. Calculate the remainder when t is divided by 10.
5
Let o(y) = 3*y - 7. Let b be o(3). Suppose -b*x + 107 = -21. Let j = -10 + x. What is the remainder when j is divided by 7?
5
Let v(o) = 2*o**2 + 5*o - 20. Let a be v(-5). Suppose 3*g - 4*l = -0*l + 39, a*l = 0. Let f = 35 + 42. What is the remainder when f is divided by g?
12
Let q = 78 + -76. Suppose -q*f = 4*f - 42. Suppose f*p - 42 = 49. What is the remainder when 100 is divided by p?
9
Suppose -t + 7*v - 10 = 2*v, 5*t - 3*v = 16. Calculate the remainder when 700/4 - 0/t is divided by 41.
11
Let b(u) = -187*u + 45 - 191*u - 193*u + 568*u. Let h = -34 + 45. What is the remainder when 23 is divided by b(h)?
11
Let l(a) = -a**2 + 67*a - 897. What is the remainder when 397 is divided by l(45)?
25
Let p = -458 - -483. Calculate the remainder when 592 is divided by p.
17
Suppose -5 = -5*t, 3*t = -4*u + t + 10. Let f = 63 + -414. Let q = 364 + f. Calculate the remainder when q is divided by u.
1
Let m be 5/10*(13 + -3). What is the remainder when 111 is divided by -1*(0/m + -16)?
15
Let m = -44 - -44. Let l(c) = c**2 + 224. Calculate the remainder when l(m) is divided by ((-108)/90)/(2 + (-456)/225).
44
Suppose -383 = -35*y + 107. Suppose 0 = -19*k + y*k - 2*w + 441, -336 = -4*k + 4*w. Calculate the remainder when k is divided by 65.
22
Suppose 5*g + 5*g + 10140 = 70*g. Calculate the remainder when 506 is divided by g.
168
Suppose 0 = -19*h + 20*h. Suppose 0 = -3*q + i + 149, h*i + 205 = 4*q + 5*i. What is the remainder when 147 is divided by q?
47
Let t = 157 - 70. Let l = 94 - t. Suppose 270 + 248 = l*p. Calculate the remainder when p is divided by 26.
22
What is the remainder when 384446/1057 - 4/(-14) is divided by 16?
12
Let p(q) = 6*q - 282. Let z be p(52). Suppose 2*u = -3*s + 12, -5*s + z = 5*u - s. Calculate the remainder when 32 is divided by u.
2
Let l = -1579 + 1589. Calculate the remainder when 6/4*1264/12 is divided by l.
8
Let d = -8236 + 9696. What is the remainder when d is divided by 729?
2
Let u = -355 + 361. Suppose 0 = -11*x - u*x + 1853. Calculate the remainder when x is divided by 11.
10
Suppose -i - 7*i - 6384 = -46*i. What is the remainder when i is divided by 96?
72
Let i = -30 + 34. Suppose -2*s = i*s - 282. Suppose -2*w + 2 = -w, -2*w + 54 = 5*v. Calculate the remainder when s is divided by v.
7
Let l(n) = 26*n + 1470. What is the remainder when 539 is divided by l(-54)?
11
Suppose -28 = -5*h + 182. Suppose 9*b = 7*b + h. Suppose 13*a - 12*a - 124 = 0. What is the remainder when a is divided by b?
19
What is the remainder when 4/6 + (-2 - (-3138)/18) is divided by 57 + -7 + -10 - 4?
29
Suppose n + u = -2*n - 230, 2*u = -5*n - 384. Let f = 91 + n. Let j = 49 + f. What is the remainder when j is divided by 33?
31
Let g(w) = 151*w + 6195. What is the remainder when g(-38) is divided by 221?
15
Let f(c) be the first derivative of -14*c + 0*c**2 + 1/3*c**3 - 21. What is the remainder when 54 is divided by f(5)?
10
Let z = -95 - -116. Calculate the remainder when (66/z)/(5/(36 - 1)) is divided by 18.
4
What is the remainder when 1491 is divided by 5*((-13952)/(-360) - 64/(-144))?
119
Calculate the remainder when ((-959)/7 + -5)*7/(-2) is divided by 133.
98
Let x = -2 - -6. Suppose 260 = 5*u - 3*f - 5, 5*u = -x*f + 265. Calculate the remainder when 155 is divided by u.
49
What is the remainder when (-13950)/(-13) + (-16)/208 is divided by 9?
2
Let m = 13670 - 11270. What is the remainder when m is divided by 799?
3
Suppose -70*o + 199 = 5*l - 68*o, -162 = -4*l - 2*o. What is the remainder when 1546 is divided by l?
29
Suppose -345 = -2*s - 15. Let j = -85 + s. Suppose -327 = -83*w + j*w. What is the remainder when w is divided by 14?
11
Let j be 1/2 + 55/22. Suppose -j*c - 33 - 52 = -5*m, 5*m = -3*c + 55. Let k(n) = 5*n + 40. Calculate the remainder when k(0) is divided by m.
12
Suppose -566*x - 152054 = -295223 - 232089. What is the remainder when x is divided by 660?
3
Let x = -1 + 11. Suppose -34 - x = -4*l. What is the remainder when (252/(-3))/(8/(-4)) is divided by l?
9
Suppose 2*m - z = 41, 4*m + 2*z - 74 + 12 = 0. Suppose f + 3*d = -d + 13, 2*d = -2*f - 4. Let b = f + 15. What is the remainder when m is divided by b?
2
Suppose -14*o + 128 - 432 = -33*o. Calculate the remainder when 621 is divided by o.
13
Suppose 0 = 3*a - 4*a + 2. Calculate the remainder when 42 - (1 + -1) - -2 is divided by ((-3)/(9/(-30)))/a.
4
Suppose -28 = -2*r - 6. Let q be 40752/(-240)*10/(-6). Let o = -279 + q. What is the remainder when r is divided by o?
3
Suppose 2*b - q = q - 52, 5*b + 130 = -4*q. Calculate the remainder when 265/(-2)*b/65 is divided by 28.
25
Let s(m) = 519*m - 7774. Let v(d) = d**3 - 4*d**2 - 10*d + 9. What is the remainder when v(7) is divided by s(15)?
9
Let z be 224/(-6) + (-20)/(-15). Let m = 52 + z. Let u(a) = -a**2 + 19*a - 16. Calculate the remainder when 62 is divided by u(m).
30
Let g = 84 - 72. Suppose 4*c + c = 3*z - g, 3*c + 8 = 2*z. Suppose -4*k = -c*k + 4*f - 60, -2*k + 2*f + 50 = 0. What is the remainder when 37 is divided by k?
17
Let y = -7 - -54. Let a(c) = -10*c**3 + c**2 + c + 6. Let r be a(-2). Suppose 81*n = r*n - 84. Calculate the remainder when y is divided by n.
11
Suppose -3*z + 11 = 2. Suppose 0 = -z*a - 8 + 47. Let c(p) = 3*p**2 - 22*p - 11. Calculate the remainder when a is divided by c(8).
3
Let g = 55 + 26. Let j = 182 + -155. Suppose -j*w = -29*w + 34. Calculate the remainder when g is divided by w.
13
Suppose 239*z - 135*z - 43888 = 0. What is the remainder when z is divided by 85?
82
What is the remainder when (352/(-3))/(124/(-744)) is divided by 143?
132
Let y = -95 + 135. Let k = 56 - y. Calculate the remainder when (-270)/(-4)*(7 - (-57)/(-9)) is divided by k.
13
Let l(b) = -2*b**2 - 24*b - 1. Let d be l(-12). Let g be 548 + d + (8 - 13). Suppose g = 4*m + 158. What is the remainder when m is divided by 25?
21
What is the remainder when 15/5 - 1*-5 is divided by (-4 + 10)*-3*7/(-42)?
2
Suppose -1408 = -4*l + 4*u, u + 1050 = 4*l - l. Suppose 47 = 4*i - l. Suppose -10*m = -65 - 185. What is the remainder when i is divided by m?
24
Suppose -k - 64*m + 65*m = -1280, 0 = -5*k + 3*m + 6394. Calculate the remainder when k is divided by 37.
19
Suppose 0 = 32*q - 5780 - 5708. Calculate the remainder when 791 is divided by q.
73
Let r = 1 + 2. Suppose -r*u = 2*w - 4*w - 79, 0 = -3*u + 5*w + 94. What is the remainder when 7 + (-1 - -38) + (-17)/(136/16) is divided by u?
19
Let l(j) be the first derivative of -7*j**2 + 24*j - 42. What is the remainder when l(-11) is divided by 23?
17
Let s(w) = w**3 + 7*w**2 + 8*w + 5. Let r be s(-4). Calculate the remainder when r*-3*(-16)/7 is divided by (-2)/6 - 148/(-3).
46
Suppose 13*p - 5*p = 80. Suppose 5*h = -2646 - 279. Calculate the remainder when (p/(-3))/(30/h) is divided by 33.
32
Let c(r) = -213*r + 1128. Calculate the remainder when c(3) is divided by 220.
49
Let q be -2*6/(-8)*(-88)/(-33). Suppose 439 = q*d + 67. Suppose 13*r - d = 10*r. Calculate the remainder when 60 is divided by r.
29
Suppose v = -5*t, 0*v - 38 = -4*v - t. What is the remainder when 415 is divided by (-8)/14*(-455)/v?
25
Let r = -178 - -117. Let i = r - -75. Suppose 3*t - 4 - i = 0. What is the remainder when 11 is divided by t?
5
Let i = 123 - 113. Calculate the remainder when 68 is divided by (21/15)/(1/i).
12
Let j(o) = -10*o - 7